+ 6. Suppose q = w*y - 10, -4*y + 5*q + 35 = y. Let r be 14 + (-1)/(-3)*y. Calculate the highest common divisor of r and 15.
15
Let t be 89/2 - (-1)/(-2). Suppose 0 = 5*n + g - 55, n = -0*n + 3*g + 11. Calculate the highest common factor of t and n.
11
Let p(y) = y**2 + 6*y. Let o be p(-7). Let g = 167 - 160. Calculate the greatest common divisor of g and o.
7
Let r = -45 + 103. Let n = 98 - r. Suppose 0*o - n = -o. Calculate the highest common factor of 10 and o.
10
Let b = 6 - -6. What is the highest common factor of b and 96?
12
Let f = 13 - -1. Let h be -2 - -6 - ((-2 - 0) + -1). Calculate the greatest common divisor of f and h.
7
Suppose 5*j + m = -0 - 118, m = -3*j - 70. Let n = -14 - j. What is the greatest common divisor of 40 and n?
10
Let x(g) = -17*g + 1. Let p be x(-1). Suppose 4*z - 128 = 16. What is the greatest common divisor of p and z?
18
Suppose 0 = v + 2*g, -5*v + 3*g = -2*g - 30. What is the greatest common divisor of v and 6?
2
Let v(l) = 3*l**2 + l + 1. Let a be v(-1). Let o = 0 + 2. Let b be (4/(-6))/(o/(-3)). What is the highest common factor of a and b?
1
Let j = 45 + -10. Suppose 3*f - 10 = j. Let d = 1 + 2. Calculate the highest common divisor of f and d.
3
Let g = 6 + -4. Suppose 2*k + 44 = 4*k. Let c = k - g. What is the highest common factor of 4 and c?
4
Let y(k) = -18*k + 3. Let h be y(-4). Let s = 11 + -7. Suppose s*n = -5*g + 35, -n + 2*g + 55 = 2*n. Calculate the greatest common divisor of h and n.
15
Let i be (-120)/(-55) + 2/(-11). Let t be 176/10 + i/5. Suppose y = -6 + t. Calculate the greatest common factor of 108 and y.
12
Let t(z) = z**3 + 7*z**2 - 9*z - 2. Let w = -19 + 11. Let q be t(w). Let d(p) = p**2 - p. Let c be d(4). Calculate the greatest common factor of c and q.
6
Suppose -g - 7 = -0. Let l = g - -8. Let c be (-31)/(-4) + l/4. What is the greatest common factor of c and 72?
8
Let p be 2 - (-10)/(-4)*-10. Suppose 4*q = -q - 3*b + 26, p = 3*q - 2*b. Let z(y) = 12*y - 4. Let t be z(5). Calculate the greatest common factor of t and q.
7
Let i(w) = 5*w**2. Let s be i(-1). Let u = -8 - -13. Suppose -u*b - 33 = -108. Calculate the highest common divisor of b and s.
5
Suppose 0 = -0*m + 2*m - 8. Let l(t) = t**2. Let d be l(m). Calculate the highest common divisor of d and 112.
16
Let n(m) = -m**3 + 15*m**2 - 7*m + 1. Let j be n(14). Suppose 5*i = 22 + 33. What is the greatest common divisor of j and i?
11
Suppose -4*x + 24 = -4. Suppose x + 105 = z. Calculate the greatest common factor of 16 and z.
16
Let v(p) = -p**2 + 4*p - 2. Suppose -f + 5 - 3 = 0. Let o be v(f). What is the highest common factor of 3 and o?
1
Suppose -y + 2*z + 44 = 0, 0 = 3*y + 3*z - z - 100. Calculate the highest common divisor of y and 9.
9
Suppose -3*x = -0*x - 33. Calculate the highest common factor of x and 1.
1
Suppose 7*k = 27 + 8. What is the greatest common factor of k and 45?
5
Suppose 0 = 2*y - 5*y + 33. Calculate the greatest common factor of y and 11.
11
Suppose 19*i - 3*i - 768 = 0. What is the greatest common divisor of 48 and i?
48
Let a(j) = j**3 - 5*j**2 + 2*j. Let f be a(5). Suppose 20 = 4*r + 4. Calculate the greatest common factor of r and f.
2
Suppose -6 + 0 = -i + 2*h, -5*i + h = -48. Let q = i - 4. Suppose -4*a = -q*a - z + 12, 3*a - z = 18. Calculate the highest common divisor of a and 24.
6
Let c = 153 + -144. Let g be (8/(-6))/(2/(-27)). What is the highest common factor of g and c?
9
Suppose -b = 5*s - 91, b = 4*s - b - 70. Suppose -41*k = -36*k - 270. Calculate the greatest common factor of s and k.
18
Suppose 0*d = -d + 20. Suppose -253 = -5*h - 3*c, -h + c = 2*c - 51. What is the highest common factor of d and h?
10
Let g(c) = c**3 - 8*c**2 + 8. Let r be g(8). What is the greatest common divisor of 1 and r?
1
Let w = 30 - 56. Let x be (w/(-8))/(14/392). Calculate the greatest common factor of 13 and x.
13
Let b = -93 + 153. Calculate the highest common divisor of b and 45.
15
Suppose 224 = -7*c + 11*c. What is the highest common divisor of 8 and c?
8
Suppose 0 = -3*s + 129 + 63. Calculate the greatest common factor of s and 16.
16
Let w = -108 - -122. What is the highest common factor of w and 126?
14
Suppose 4 = -5*g + 24. Suppose -3*k - 89 = -g*k. Suppose -5*a + 86 + k = 0. What is the highest common divisor of a and 7?
7
Let q(j) = j**3 - 5*j**2 + j - 2. Let s be q(5). Suppose -111*w + 5 = -106*w. What is the greatest common factor of w and s?
1
Suppose -81 = -4*l + 111. Calculate the greatest common divisor of l and 32.
16
Suppose -b = 3*b - 76. Let j be (2 - 2/(-2)) + b. What is the highest common divisor of j and 2?
2
Suppose -2*a + 5*s + 49 = -0*a, -4*s = -5*a + 131. Calculate the greatest common factor of 270 and a.
27
Let o = -3 + 8. Let d be (-2 - -12)*36/o. Suppose -6*s + 58 + 14 = 0. Calculate the highest common factor of d and s.
12
Let u = 6 - 10. Let p = u - -10. Calculate the greatest common divisor of 24 and p.
6
Let x = -2 + 7. Calculate the greatest common divisor of x and 45.
5
Let f = 34 - 22. What is the greatest common factor of 3 and f?
3
Suppose -8 + 2 = -f. Let o be 9/f*(-14)/(-3). Calculate the highest common divisor of 21 and o.
7
Let j = 10 - 8. Suppose -k - 3*m = m - j, 2*k = 4*m + 28. Calculate the highest common divisor of 10 and k.
10
Let m = 164 + 672. Suppose -q + 5*q + h - m = 0, h = -q + 209. Calculate the greatest common factor of q and 19.
19
Let j(s) = -9*s**3 - s**2 + 1. Suppose -2 = b - 1. Let v be j(b). Let k(y) = 2*y**2 - 12*y - 4. Let t be k(v). What is the greatest common factor of 10 and t?
10
Suppose 0 = -4*d + 8. Suppose 2*r + 1 = 2*p + 79, -5*p = d*r - 43. Calculate the greatest common divisor of r and 17.
17
Let y(s) be the third derivative of -s**4/24 - s**3 + 2*s**2. Let o be y(-6). Suppose o = -x + 2*x - 30. What is the highest common factor of 45 and x?
15
Suppose -5*t = -5*w - 65, -4*t = w - 91 + 29. Let i = t - -7. What is the highest common divisor of 2 and i?
2
Suppose -3*a + a = -22. Suppose 3*i - 176 = -i. Calculate the greatest common factor of a and i.
11
Let k = -5 - -18. Let v(w) = 2*w**2 + 7*w + 9. Suppose -5*u - 12 = -3*u. Let t be v(u). What is the greatest common divisor of t and k?
13
Let t be -1 - (-2 + (-3)/(-1)). Let d = 8 + t. Calculate the highest common factor of d and 66.
6
Suppose 0 = 6*z - 7*z + 9. Calculate the greatest common factor of 9 and z.
9
Let g be 53 - (-2 - 2)/(-4). Let f = g - -4. What is the highest common divisor of f and 7?
7
Let s(a) be the third derivative of -a**4/24 - 4*a**3/3 + a**2. Let g be s(-9). What is the greatest common divisor of g and 1?
1
Let h = -2 - 7. Let d = h + 15. Let p be d/4*(2 - -6). Calculate the greatest common divisor of 132 and p.
12
Suppose 4*d = -b - 12, -2*d + 5*d = 2*b - 31. What is the greatest common divisor of b and 72?
8
Suppose -4*n = 5*o - 40 + 9, 4*o = -5*n + 32. Let z be 446/(-1)*(3 - n). Let d be z/6 + (-4)/(-6). What is the greatest common factor of 30 and d?
15
Let p(k) = -k**2 + 4*k + 1. Let a be p(3). Let c be 1/1*(-15)/(-3). Let u(x) = x**2 - 4*x - 1. Let s be u(c). Calculate the highest common divisor of a and s.
4
Let x = -21 + 21. Suppose -5*z + 19 = -m, -18 = -5*z - x*m + 2*m. What is the highest common divisor of 20 and z?
4
Let h = 44 + -31. Suppose x = 5*p - 41, 0 = -p + x - 4 + h. What is the highest common divisor of 64 and p?
8
Suppose -267 = -9*l + 3. What is the highest common factor of l and 15?
15
Suppose 5*s + 25 = 0, -2*s - 2*s - 5 = 5*d. Let v be (-9 - 0)*2/d. Let l = 8 + v. Calculate the greatest common divisor of l and 22.
2
Let a(f) = f**2 + 3*f + 1. Let m be a(-7). Let o = 60 - m. What is the highest common factor of o and 124?
31
Suppose 36 = -0*c + 4*c. Let k be c/2*(1 - -13). What is the greatest common divisor of 9 and k?
9
Let k(a) = 2*a**2 + 3. Let c be k(-3). Let r = 2 + 12. What is the greatest common factor of c and r?
7
Let w be (-4)/(-5)*150/4. Calculate the highest common factor of 10 and w.
10
Let u be (6/4)/((-6)/(-128)). Suppose 2*y + 380 = -0*y. Let m be y/(-4) - 1/(-2). Calculate the highest common factor of m and u.
16
Suppose 0*k + 2*k - 8 = 0. Suppose -4*g + k*b - 6*b = -10, 6 = 4*g - 2*b. What is the highest common divisor of g and 14?
2
Let c be 16 + (-1 - 2/2). Suppose 3*k - 2*a = -23, 5*k - 4*a + a = -38. Let 